{"id":3,"date":"2020-05-08T17:35:30","date_gmt":"2020-05-08T17:35:30","guid":{"rendered":"https:\/\/eisenbahnmuseum-schwechat.at\/?page_id=3"},"modified":"2020-06-10T06:54:18","modified_gmt":"2020-06-10T06:54:18","slug":"privacy-policy","status":"publish","type":"page","link":"https:\/\/eisenbahnmuseum.vfkl.at\/index.php\/privacy-policy\/","title":{"rendered":"Datenschutz"},"content":{"rendered":"<p><strong>Haftungsausschluss<\/strong><\/p>\r\n<p>Wir bem\u00fchen uns um Aktualit\u00e4t, Vollst\u00e4ndigkeit und Richtigkeit unserer Webseiten und Applikationen. Trotzdem k\u00f6nnen wir keine Gew\u00e4hrleistung und\/oder Haftung \u00fcbernehmen.<\/p>\r\n<p>Wir \u00fcbernehmen keine Haftung f\u00fcr allf\u00e4llige Nachteile und\/oder Sch\u00e4den, die durch den Gebrauch der Internetseiten entstehen k\u00f6nnten. Insbesondere ist jegliche Haftung f\u00fcr allenfalls fehlerhafte und unvollst\u00e4ndige Informationen ausgeschlossen. Sofern ein g\u00e4nzlicher Haftungsausschluss aufgrund der jeweils anzuwendenden Gesetzeslage nicht m\u00f6glich ist, wird die Haftung auf Vorsatz und grobe Fahrl\u00e4ssigkeit begrenzt.<\/p>\r\n<p>Unsere Seiten enthalten Links auf externe Webseiten Dritter. Auf die Inhalte dieser verlinkten Webseiten haben wir keinen Einfluss. F\u00fcr die Richtigkeit der Inhalte ist immer der jeweilige Anbieter oder Betreiber verantwortlich. Wir \u00fcbernehmen auch hierf\u00fcr keinerlei Haftung und\/oder Gew\u00e4hrleistung.<\/p>\r\n<p><strong>Copyrights<\/strong><\/p>\r\n<p>F\u00fcr die meisten Beitr\u00e4ge und Bildwerke liegen die Rechte bei uns. Alle Rechte vorbehalten. Inhalte von Dritten werden nur nach deren Genehmigung und unter sichtbarer Kennzeichnung ver\u00f6ffentlicht. Ebenso ver\u00f6ffentlichen wir gemeinfreie Inhalte. Eine \u00dcbernahme von Texten und Bilder bedarf der schriftlichen Zustimmung von uns, bzw. der bezeichnete Rechteinhaber.<\/p>\r\n<p><strong>Gespeicherte Daten<\/strong><\/p>\r\n<p>Bei der blo\u00df informatorischen Nutzung der Website erheben wir nur die personenbezogenen Daten, die Ihr Browser an unseren Server \u00fcbermittelt. Folgende Daten sind f\u00fcr uns technisch erforderlich, um Ihnen unsere Website anzuzeigen und die Stabilit\u00e4t und Sicherheit zu gew\u00e4hrleisten (Rechtsgrundlage ist Art 6 (1) lit f DSGVO): In manchen F\u00e4llen, z. B. auf Micrositen, fragen wir Sie in Formularen zus\u00e4tzlich nach Ihren Kontaktdaten, wenn Sie mit uns in Kontakt treten wollen.<\/p>\r\n<p class=\"fusion-post-title\"><strong>Google reCAPTCHA Datenschutzerkl\u00e4rung<\/strong><\/p>\r\n<p>Unser oberstes Ziel ist es, unsere Webseite f\u00fcr Sie und f\u00fcr uns bestm\u00f6glich zu sichern und zu sch\u00fctzen. Um das zu gew\u00e4hrleisten, verwenden wir Google reCAPTCHA der Firma Google Inc. F\u00fcr den europ\u00e4ischen Raum ist das Unternehmen Google Ireland Limited (Gordon House, Barrow Street Dublin 4, Irland) f\u00fcr alle Google-Dienste verantwortlich. Mit reCAPTCHA k\u00f6nnen wir feststellen, ob Sie auch wirklich ein Mensch aus Fleisch und Blut sind und kein Roboter oder eine andere Spam-Software. Unter Spam verstehen wir jede, auf elektronischen Weg, unerw\u00fcnschte Information, die uns ungefragter Weise zukommt. Bei den klassischen CAPTCHAS mussten Sie zur \u00dcberpr\u00fcfung meist Text- oder Bildr\u00e4tsel l\u00f6sen. Mit reCAPTCHA von Google m\u00fcssen wir Sie meist nicht mit solchen R\u00e4tseln bel\u00e4stigen. Hier reicht es in den meisten F\u00e4llen, wenn Sie einfach ein H\u00e4kchen setzen und so best\u00e4tigen, dass Sie kein Bot sind. Mit der neuen Invisible reCAPTCHA Version m\u00fcssen Sie nicht mal mehr ein H\u00e4kchen setzen. Wie das genau funktioniert und vor allem welche Daten daf\u00fcr verwendet werden, erfahren Sie im Verlauf dieser Datenschutzerkl\u00e4rung.<\/p>\r\n<p>Was ist reCAPTCHA?<\/p>\r\n<p>reCAPTCHA ist ein freier Captcha-Dienst von Google, der Webseiten vor Spam-Software und den Missbrauch durch nicht-menschliche Besucher sch\u00fctzt. Am h\u00e4ufigsten wird dieser Dienst verwendet, wenn Sie Formulare im Internet ausf\u00fcllen. Ein Captcha-Dienst ist eine Art automatischer Turing-Test, der sicherstellen soll, dass eine Handlung im Internet von einem Menschen und nicht von einem Bot vorgenommen wird. Im klassischen Turing-Test (benannt nach dem Informatiker Alan Turing) stellt ein Mensch die Unterscheidung zwischen Bot und Mensch fest. Bei Captchas \u00fcbernimmt das auch der Computer bzw. ein Softwareprogramm. Klassische Captchas arbeiten mit kleinen Aufgaben, die f\u00fcr Menschen leicht zu l\u00f6sen sind, doch f\u00fcr Maschinen erhebliche Schwierigkeiten aufweisen. Bei reCAPTCHA m\u00fcssen Sie aktiv keine R\u00e4tsel mehr l\u00f6sen. Das Tool verwendet moderne Risikotechniken, um Menschen von Bots zu unterscheiden. Hier m\u00fcssen Sie nur noch das Textfeld \u201eIch bin kein Roboter\u201c ankreuzen bzw. bei Invisible reCAPTCHA ist selbst das nicht mehr n\u00f6tig. Bei reCAPTCHA wird ein JavaScript-Element in den Quelltext eingebunden und dann l\u00e4uft das Tool im Hintergrund und analysiert Ihr Benutzerverhalten. Aus diesen Useraktionen berechnet die Software einen sogenannten Captcha-Score. Google berechnet mit diesem Score schon vor der Captcha-Eingabe wie hoch die Wahrscheinlichkeit ist, dass Sie ein Mensch sind. reCAPTCHA bzw. Captchas im Allgemeinen kommen immer dann zum Einsatz, wenn Bots gewisse Aktionen (wie z.B. Registrierungen, Umfragen usw.) manipulieren oder missbrauchen k\u00f6nnten.<\/p>\r\n<p>Warum verwenden wir reCAPTCHA auf unserer Webseite?<\/p>\r\n<p>Wir wollen nur Menschen aus Fleisch und Blut auf unserer Seite begr\u00fc\u00dfen. Bots oder Spam-Software unterschiedlichster Art d\u00fcrfen getrost zuhause bleiben. Darum setzen wir alle Hebel in Bewegung, uns zu sch\u00fctzen und die bestm\u00f6gliche Benutzerfreundlichkeit f\u00fcr Sie anzubieten. Aus diesem Grund verwenden wir Google reCAPTCHA der Firma Google. So k\u00f6nnen wir uns ziemlich sicher sein, dass wir eine \u201ebotfreie\u201c Webseite bleiben. Durch die Verwendung von reCAPTCHA werden Daten an Google \u00fcbermittelt, um festzustellen, ob Sie auch wirklich ein Mensch sind. reCAPTCHA dient also der Sicherheit unserer Webseite und in weiterer Folge damit auch Ihrer Sicherheit. Zum Beispiel k\u00f6nnte es ohne reCAPTCHA passieren, dass bei einer Registrierung ein Bot m\u00f6glichst viele E-Mail-Adressen registriert, um im Anschluss Foren oder Blogs mit unerw\u00fcnschten Werbeinhalten \u201ezuzuspamen\u201c. Mit reCAPTCHA k\u00f6nnen wir solche Botangriffe vermeiden.<\/p>\r\n<p>Welche Daten werden von reCAPTCHA gespeichert?<\/p>\r\n<p>reCAPTCHA sammelt personenbezogene Daten von Usern, um festzustellen, ob die Handlungen auf unserer Webseite auch wirklich von Menschen stammen. Es kann also die IP-Adresse und andere Daten, die Google f\u00fcr den reCAPTCHA-Dienst ben\u00f6tigt, an Google versendet werden. IP-Adressen werden innerhalb der Mitgliedstaaten der EU oder anderer Vertragsstaaten des Abkommens \u00fcber den Europ\u00e4ischen Wirtschaftsraum fast immer zuvor gek\u00fcrzt, bevor die Daten auf einem Server in den USA landen. Die IP-Adresse wird nicht mit anderen Daten von Google kombiniert, sofern Sie nicht w\u00e4hrend der Verwendung von reCAPTCHA mit Ihrem Google-Konto angemeldet sind. Zuerst pr\u00fcft der reCAPTCHA-Algorithmus, ob auf Ihrem Browser schon Google-Cookies von anderen Google-Diensten (YouTube. Gmail usw.) platziert sind. Anschlie\u00dfend setzt reCAPTCHA ein zus\u00e4tzliches Cookie in Ihrem Browser und erfasst einen Schnappschuss Ihres Browserfensters.<\/p>\r\n<p>Die folgende Liste von gesammelten Browser- und Userdaten, hat nicht den Anspruch auf Vollst\u00e4ndigkeit. Vielmehr sind es Beispiele von Daten, die nach unserer Erkenntnis, von Google verarbeitet werden.<\/p>\r\n<ul>\r\n<li>Referrer URL (die Adresse der Seite von der der Besucher kommt)<\/li>\r\n<li>IP-Adresse (z.B. 256.123.123.1)<\/li>\r\n<li>Infos \u00fcber das Betriebssystem\u00a0(die Software, die den Betrieb Ihres Computers erm\u00f6glicht. Bekannte Betriebssysteme sind Windows, Mac OS X oder Linux)<\/li>\r\n<li>Cookies\u00a0(kleine Textdateien, die Daten in Ihrem Browser speichern)<\/li>\r\n<li>Maus- und Keyboardverhalten\u00a0(jede Aktion, die Sie mit der Maus oder der Tastatur ausf\u00fchren wird gespeichert)<\/li>\r\n<li>Datum und Spracheinstellungen\u00a0(welche Sprache bzw. welches Datum Sie auf Ihrem PC voreingestellt haben wird gespeichert)<\/li>\r\n<li>Alle Javascript-Objekte\u00a0(JavaScript ist eine Programmiersprache, die Webseiten erm\u00f6glicht, sich an den User anzupassen. JavaScript-Objekte k\u00f6nnen alle m\u00f6glichen Daten unter einem Namen sammeln)<\/li>\r\n<li>Bildschirmaufl\u00f6sung\u00a0(zeigt an aus wie vielen Pixeln die Bilddarstellung besteht)<\/li>\r\n<\/ul>\r\n<p>Unumstritten ist, dass Google diese Daten verwendet und analysiert noch bevor Sie auf das H\u00e4kchen \u201eIch bin kein Roboter\u201c klicken. Bei der Invisible reCAPTCHA-Version f\u00e4llt sogar das Ankreuzen weg und der ganze Erkennungsprozess l\u00e4uft im Hintergrund ab. Wie viel und welche Daten Google genau speichert, erf\u00e4hrt man von Google nicht im Detail.<\/p>\r\n<p>Folgende Cookies werden von reCAPTCHA verwendet: Hierbei beziehen wir uns auf die reCAPTCHA Demo-Version von Google unter <a class=\"external\" href=\"https:\/\/www.google.com\/recaptcha\/api2\/demo\" target=\"_blank\" rel=\"noopener noreferrer nofollow\">https:\/\/www.google.com\/recaptcha\/api2\/demo<\/a>. All diese Cookies ben\u00f6tigen zu Trackingzwecken eine eindeutige Kennung. Hier ist eine Liste an Cookies, die Google reCAPTCHA auf der Demo-Version gesetzt hat:<\/p>\r\n<p><strong>Name:<\/strong> IDE<strong>Wert:<\/strong>\u00a0WqTUmlnmv_qXyi_DGNPLESKnRNrpgXoy1K-pAZtAkMbHI-231591771557-8<strong>Verwendungszweck:<\/strong> Dieses Cookie wird von der Firma DoubleClick (geh\u00f6rt auch Google) gesetzt, um die Aktionen eines Users auf der Webseite im Umgang mit Werbeanzeigen zu registrieren und zu melden. So kann die Werbewirksamkeit gemessen und entsprechende Optimierungsma\u00dfnahmen getroffen werden. IDE wird in Browsern unter der Domain doubleclick.net gespeichert.<strong>Ablaufdatum:<\/strong> nach einem Jahr<\/p>\r\n<p><strong>Name:<\/strong> 1P_JAR<strong>Wert:<\/strong>\u00a02019-5-14-12<strong>Verwendungszweck:<\/strong> Dieses Cookie sammelt Statistiken zur Webseite-Nutzung und misst Conversions. Eine Conversion entsteht z.B., wenn ein User zu einem K\u00e4ufer wird. Das Cookie wird auch verwendet, um Usern relevante Werbeanzeigen einzublenden. Weiters kann man mit dem Cookie vermeiden, dass ein User dieselbe Anzeige mehr als einmal zu Gesicht bekommt.<strong>Ablaufdatum:<\/strong> nach einem Monat<\/p>\r\n<p><strong>Name:<\/strong> ANID<strong>Wert:<\/strong>\u00a0U7j1v3dZa2315917715570xgZFmiqWppRWKOr<strong>Verwendungszweck:<\/strong> Viele Infos konnten wir \u00fcber dieses Cookie nicht in Erfahrung bringen. In der Datenschutzerkl\u00e4rung von Google wird das Cookie im Zusammenhang mit \u201eWerbecookies\u201c wie z. B. \u201eDSID\u201c, \u201eFLC\u201c, \u201eAID\u201c, \u201eTAID\u201c erw\u00e4hnt. ANID wird unter Domain google.com gespeichert.<strong>Ablaufdatum:<\/strong> nach 9 Monaten<\/p>\r\n<p><strong>Name:<\/strong> CONSENT<strong>Wert:\u00a0<\/strong>YES+AT.de+20150628-20-0<strong>Verwendungszweck:<\/strong> Das Cookie speichert den Status der Zustimmung eines Users zur Nutzung unterschiedlicher Services von Google. CONSENT dient auch der Sicherheit, um User zu \u00fcberpr\u00fcfen, Betr\u00fcgereien von Anmeldeinformationen zu verhindern und Userdaten vor unbefugten Angriffen zu sch\u00fctzen.<strong>Ablaufdatum:<\/strong> nach 19 Jahren<\/p>\r\n<p><strong>Name:<\/strong> NID<strong>Wert:<\/strong> 0WmuWqy231591771557zILzqV_nmt3sDXwPeM5Q<strong>Verwendungszweck:<\/strong> NID wird von Google verwendet, um Werbeanzeigen an Ihre Google-Suche anzupassen. Mit Hilfe des Cookies \u201eerinnert\u201c sich Google an Ihre meist eingegebenen Suchanfragen oder Ihre fr\u00fchere Interaktion mit Anzeigen. So bekommen Sie immer ma\u00dfgeschneiderte Werbeanzeigen. Das Cookie enth\u00e4lt eine einzigartige ID, um pers\u00f6nliche Einstellungen des Users f\u00fcr Werbezwecke zu sammeln.<strong>Ablaufdatum:<\/strong> nach 6 Monaten<\/p>\r\n<p><strong>Name:<\/strong> DV<strong>Wert:<\/strong> gEAABBCjJMXcI0dSAAAANbqc231591771557-4<strong>Verwendungszweck:<\/strong> Sobald Sie das \u201eIch bin kein Roboter\u201c-H\u00e4kchen angekreuzt haben, wird dieses Cookie gesetzt. Das Cookie wird von Google Analytics f\u00fcr personalisierte Werbung verwendet. DV sammelt Informationen in anonymisierter Form und wird weiters benutzt, um User-Unterscheidungen zu treffen.<strong>Ablaufdatum:<\/strong> nach 10 Minuten<\/p>\r\n<p><strong>Anmerkung:\u00a0<\/strong>Diese Aufz\u00e4hlung kann keinen Anspruch auf Vollst\u00e4ndigkeit erheben, da Google erfahrungsgem\u00e4\u00df die Wahl ihrer Cookies immer wieder auch ver\u00e4ndert.<\/p>\r\n<h3>Wie lange und wo werden die Daten gespeichert?<\/h3>\r\n<p>Durch das Einf\u00fcgen von reCAPTCHA werden Daten von Ihnen auf den Google-Server \u00fcbertragen. Wo genau diese Daten gespeichert werden, stellt Google, selbst nach wiederholtem Nachfragen, nicht klar dar. Ohne eine Best\u00e4tigung von Google erhalten zu haben, ist davon auszugehen, dass Daten wie Mausinteraktion, Verweildauer auf der Webseite oder Spracheinstellungen auf den europ\u00e4ischen oder amerikanischen Google-Servern gespeichert werden. Die IP-Adresse, die Ihr Browser an Google \u00fcbermittelt, wird grunds\u00e4tzlich nicht mit anderen Google-Daten aus weiteren Google-Diensten zusammengef\u00fchrt. Wenn Sie allerdings w\u00e4hrend der Nutzung des reCAPTCHA-Plug-ins bei Ihrem Google-Konto angemeldet sind, werden die Daten zusammengef\u00fchrt.<strong>\u00a0<\/strong>Daf\u00fcr gelten die abweichenden Datenschutzbestimmungen der Firma Google.<\/p>\r\n<p>Wie kann ich meine Daten l\u00f6schen bzw. die Datenspeicherung verhindern?<\/p>\r\n<p>Wenn Sie wollen, dass \u00fcber Sie und \u00fcber Ihr Verhalten keine Daten an Google \u00fcbermittelt werden, m\u00fcssen Sie sich, bevor Sie unsere Webseite besuchen bzw. die reCAPTCHA-Software verwenden, bei Google vollkommen ausloggen und alle Google-Cookies l\u00f6schen.\u00a0Grunds\u00e4tzlich werden die Daten sobald Sie unsere Seite aufrufen automatisch an Google \u00fcbermittelt. Um diese Daten wieder zu l\u00f6schen, m\u00fcssen Sie den Google-Support auf\u00a0 <a class=\"external\" href=\"https:\/\/support.google.com\/?hl=de&amp;tid=231591771557\" rel=\"nofollow\">https:\/\/support.google.com\/?hl=de&amp;tid=231591771557<\/a> kontaktieren.<\/p>\r\n<p>Wenn Sie also unsere Webseite verwenden, erkl\u00e4ren Sie sich einverstanden, dass Google LLC und deren Vertreter automatisch Daten erheben, bearbeiten und nutzen.<\/p>\r\n<p>Etwas mehr \u00fcber reCAPTCHA erfahren Sie auf der Webentwickler-Seite von Google auf <a class=\"external\" href=\"https:\/\/developers.google.com\/recaptcha\/\" target=\"_blank\" rel=\"noopener noreferrer nofollow\">https:\/\/developers.google.com\/recaptcha\/<\/a>. Google geht hier zwar auf die technische Entwicklung der reCAPTCHA n\u00e4her ein, doch genaue Informationen \u00fcber Datenspeicherung und datenschutzrelevanten Themen sucht man auch dort vergeblich. Eine gute \u00dcbersicht \u00fcber die grunds\u00e4tzliche Verwendung von Daten bei Google finden Sie in der hauseigenen Datenschutzerkl\u00e4rung auf <a class=\"external\" href=\"https:\/\/policies.google.com\/privacy?hl=de&amp;tid=231591771557\" target=\"_blank\" rel=\"noopener noreferrer nofollow\">https:\/\/www.google.com\/intl\/de\/policies\/privacy\/<\/a>.<\/p>\r\n<p>Quelle der reCAPTCHA Erkl\u00e4rung: Erstellt mit dem <a title=\"Datenschutz Generator von firmenwebseiten.at\" href=\"https:\/\/www.firmenwebseiten.at\/datenschutz-generator\/\" target=\"_blank\" rel=\"follow noopener noreferrer\">Datenschutz Generator von firmenwebseiten.at<\/a>\u00a0in Kooperation mit <a title=\"\" href=\"https:\/\/www.flokib.at\" target=\"_blank\" rel=\"follow noopener noreferrer\">flokib.at<\/a><\/p>\r\n<p><\/p>","protected":false},"excerpt":{"rendered":"<p>Haftungsausschluss Wir bem\u00fchen uns um Aktualit\u00e4t, Vollst\u00e4ndigkeit und Richtigkeit unserer Webseiten und Applikationen. Trotzdem k\u00f6nnen wir keine Gew\u00e4hrleistung und\/oder Haftung \u00fcbernehmen. Wir \u00fcbernehmen keine Haftung f\u00fcr allf\u00e4llige Nachteile und\/oder Sch\u00e4den, die durch den Gebrauch der Internetseiten entstehen k\u00f6nnten. Insbesondere ist jegliche Haftung f\u00fcr allenfalls fehlerhafte und unvollst\u00e4ndige Informationen ausgeschlossen. Sofern ein g\u00e4nzlicher Haftungsausschluss aufgrund der &hellip; <\/p>\n<p class=\"link-more\"><a href=\"https:\/\/eisenbahnmuseum.vfkl.at\/index.php\/privacy-policy\/\" class=\"more-link\"><span class=\"screen-reader-text\">\u201eDatenschutz\u201c <\/span>weiterlesen<\/a><\/p>\n","protected":false},"author":1,"featured_media":0,"parent":0,"menu_order":0,"comment_status":"closed","ping_status":"closed","template":"","meta":{"footnotes":""},"class_list":["post-3","page","type-page","status-publish","hentry"],"yoast_head":"<!-- This site is optimized with the Yoast SEO plugin v24.5 - https:\/\/yoast.com\/wordpress\/plugins\/seo\/ -->\n<title>Datenschutz - Verein zur F\u00f6rderung von Klein- und Lokalbahnen<\/title>\n<meta name=\"robots\" content=\"index, follow, max-snippet:-1, max-image-preview:large, max-video-preview:-1\" \/>\n<link rel=\"canonical\" href=\"https:\/\/eisenbahnmuseum.vfkl.at\/index.php\/privacy-policy\/\" \/>\n<meta property=\"og:locale\" content=\"de_DE\" \/>\n<meta property=\"og:type\" content=\"article\" \/>\n<meta property=\"og:title\" content=\"Datenschutz - Verein zur F\u00f6rderung von Klein- und Lokalbahnen\" \/>\n<meta property=\"og:description\" content=\"Haftungsausschluss Wir bem\u00fchen uns um Aktualit\u00e4t, Vollst\u00e4ndigkeit und Richtigkeit unserer Webseiten und Applikationen. Trotzdem k\u00f6nnen wir keine Gew\u00e4hrleistung und\/oder Haftung \u00fcbernehmen. Wir \u00fcbernehmen keine Haftung f\u00fcr allf\u00e4llige Nachteile und\/oder Sch\u00e4den, die durch den Gebrauch der Internetseiten entstehen k\u00f6nnten. Insbesondere ist jegliche Haftung f\u00fcr allenfalls fehlerhafte und unvollst\u00e4ndige Informationen ausgeschlossen. Sofern ein g\u00e4nzlicher Haftungsausschluss aufgrund der &hellip; \u201eDatenschutz\u201c weiterlesen\" \/>\n<meta property=\"og:url\" content=\"https:\/\/eisenbahnmuseum.vfkl.at\/index.php\/privacy-policy\/\" \/>\n<meta property=\"og:site_name\" content=\"Verein zur F\u00f6rderung von Klein- und Lokalbahnen\" \/>\n<meta property=\"article:modified_time\" content=\"2020-06-10T06:54:18+00:00\" \/>\n<meta name=\"twitter:card\" content=\"summary_large_image\" \/>\n<meta name=\"twitter:label1\" content=\"Gesch\u00e4tzte Lesezeit\" \/>\n\t<meta name=\"twitter:data1\" content=\"9\u00a0Minuten\" \/>\n<script type=\"application\/ld+json\" class=\"yoast-schema-graph\">{\"@context\":\"https:\/\/schema.org\",\"@graph\":[{\"@type\":\"WebPage\",\"@id\":\"https:\/\/eisenbahnmuseum.vfkl.at\/index.php\/privacy-policy\/\",\"url\":\"https:\/\/eisenbahnmuseum.vfkl.at\/index.php\/privacy-policy\/\",\"name\":\"Datenschutz - Verein zur F\u00f6rderung von Klein- und Lokalbahnen\",\"isPartOf\":{\"@id\":\"https:\/\/eisenbahnmuseum.vfkl.at\/#website\"},\"datePublished\":\"2020-05-08T17:35:30+00:00\",\"dateModified\":\"2020-06-10T06:54:18+00:00\",\"breadcrumb\":{\"@id\":\"https:\/\/eisenbahnmuseum.vfkl.at\/index.php\/privacy-policy\/#breadcrumb\"},\"inLanguage\":\"de\",\"potentialAction\":[{\"@type\":\"ReadAction\",\"target\":[\"https:\/\/eisenbahnmuseum.vfkl.at\/index.php\/privacy-policy\/\"]}]},{\"@type\":\"BreadcrumbList\",\"@id\":\"https:\/\/eisenbahnmuseum.vfkl.at\/index.php\/privacy-policy\/#breadcrumb\",\"itemListElement\":[{\"@type\":\"ListItem\",\"position\":1,\"name\":\"Startseite\",\"item\":\"https:\/\/eisenbahnmuseum.vfkl.at\/\"},{\"@type\":\"ListItem\",\"position\":2,\"name\":\"Datenschutz\"}]},{\"@type\":\"WebSite\",\"@id\":\"https:\/\/eisenbahnmuseum.vfkl.at\/#website\",\"url\":\"https:\/\/eisenbahnmuseum.vfkl.at\/\",\"name\":\"Verein zur F\u00f6rderung von Klein- und Lokalbahnen\",\"description\":\"Das virtuelle Museum\",\"potentialAction\":[{\"@type\":\"SearchAction\",\"target\":{\"@type\":\"EntryPoint\",\"urlTemplate\":\"https:\/\/eisenbahnmuseum.vfkl.at\/?s={search_term_string}\"},\"query-input\":{\"@type\":\"PropertyValueSpecification\",\"valueRequired\":true,\"valueName\":\"search_term_string\"}}],\"inLanguage\":\"de\"}]}<\/script>\n<!-- \/ Yoast SEO plugin. -->","yoast_head_json":{"title":"Datenschutz - Verein zur F\u00f6rderung von Klein- und Lokalbahnen","robots":{"index":"index","follow":"follow","max-snippet":"max-snippet:-1","max-image-preview":"max-image-preview:large","max-video-preview":"max-video-preview:-1"},"canonical":"https:\/\/eisenbahnmuseum.vfkl.at\/index.php\/privacy-policy\/","og_locale":"de_DE","og_type":"article","og_title":"Datenschutz - Verein zur F\u00f6rderung von Klein- und Lokalbahnen","og_description":"Haftungsausschluss Wir bem\u00fchen uns um Aktualit\u00e4t, Vollst\u00e4ndigkeit und Richtigkeit unserer Webseiten und Applikationen. Trotzdem k\u00f6nnen wir keine Gew\u00e4hrleistung und\/oder Haftung \u00fcbernehmen. Wir \u00fcbernehmen keine Haftung f\u00fcr allf\u00e4llige Nachteile und\/oder Sch\u00e4den, die durch den Gebrauch der Internetseiten entstehen k\u00f6nnten. Insbesondere ist jegliche Haftung f\u00fcr allenfalls fehlerhafte und unvollst\u00e4ndige Informationen ausgeschlossen. Sofern ein g\u00e4nzlicher Haftungsausschluss aufgrund der &hellip; \u201eDatenschutz\u201c weiterlesen","og_url":"https:\/\/eisenbahnmuseum.vfkl.at\/index.php\/privacy-policy\/","og_site_name":"Verein zur F\u00f6rderung von Klein- und Lokalbahnen","article_modified_time":"2020-06-10T06:54:18+00:00","twitter_card":"summary_large_image","twitter_misc":{"Gesch\u00e4tzte Lesezeit":"9\u00a0Minuten"},"schema":{"@context":"https:\/\/schema.org","@graph":[{"@type":"WebPage","@id":"https:\/\/eisenbahnmuseum.vfkl.at\/index.php\/privacy-policy\/","url":"https:\/\/eisenbahnmuseum.vfkl.at\/index.php\/privacy-policy\/","name":"Datenschutz - Verein zur F\u00f6rderung von Klein- und Lokalbahnen","isPartOf":{"@id":"https:\/\/eisenbahnmuseum.vfkl.at\/#website"},"datePublished":"2020-05-08T17:35:30+00:00","dateModified":"2020-06-10T06:54:18+00:00","breadcrumb":{"@id":"https:\/\/eisenbahnmuseum.vfkl.at\/index.php\/privacy-policy\/#breadcrumb"},"inLanguage":"de","potentialAction":[{"@type":"ReadAction","target":["https:\/\/eisenbahnmuseum.vfkl.at\/index.php\/privacy-policy\/"]}]},{"@type":"BreadcrumbList","@id":"https:\/\/eisenbahnmuseum.vfkl.at\/index.php\/privacy-policy\/#breadcrumb","itemListElement":[{"@type":"ListItem","position":1,"name":"Startseite","item":"https:\/\/eisenbahnmuseum.vfkl.at\/"},{"@type":"ListItem","position":2,"name":"Datenschutz"}]},{"@type":"WebSite","@id":"https:\/\/eisenbahnmuseum.vfkl.at\/#website","url":"https:\/\/eisenbahnmuseum.vfkl.at\/","name":"Verein zur F\u00f6rderung von Klein- und Lokalbahnen","description":"Das virtuelle Museum","potentialAction":[{"@type":"SearchAction","target":{"@type":"EntryPoint","urlTemplate":"https:\/\/eisenbahnmuseum.vfkl.at\/?s={search_term_string}"},"query-input":{"@type":"PropertyValueSpecification","valueRequired":true,"valueName":"search_term_string"}}],"inLanguage":"de"}]}},"_links":{"self":[{"href":"https:\/\/eisenbahnmuseum.vfkl.at\/index.php\/wp-json\/wp\/v2\/pages\/3","targetHints":{"allow":["GET"]}}],"collection":[{"href":"https:\/\/eisenbahnmuseum.vfkl.at\/index.php\/wp-json\/wp\/v2\/pages"}],"about":[{"href":"https:\/\/eisenbahnmuseum.vfkl.at\/index.php\/wp-json\/wp\/v2\/types\/page"}],"author":[{"embeddable":true,"href":"https:\/\/eisenbahnmuseum.vfkl.at\/index.php\/wp-json\/wp\/v2\/users\/1"}],"replies":[{"embeddable":true,"href":"https:\/\/eisenbahnmuseum.vfkl.at\/index.php\/wp-json\/wp\/v2\/comments?post=3"}],"version-history":[{"count":4,"href":"https:\/\/eisenbahnmuseum.vfkl.at\/index.php\/wp-json\/wp\/v2\/pages\/3\/revisions"}],"predecessor-version":[{"id":103,"href":"https:\/\/eisenbahnmuseum.vfkl.at\/index.php\/wp-json\/wp\/v2\/pages\/3\/revisions\/103"}],"wp:attachment":[{"href":"https:\/\/eisenbahnmuseum.vfkl.at\/index.php\/wp-json\/wp\/v2\/media?parent=3"}],"curies":[{"name":"wp","href":"https:\/\/api.w.org\/{rel}","templated":true}]}}